{"id":325,"date":"2020-10-15T16:17:16","date_gmt":"2020-10-15T14:17:16","guid":{"rendered":"http:\/\/atelier-cuir.bzh\/?page_id=325"},"modified":"2020-10-24T20:57:45","modified_gmt":"2020-10-24T18:57:45","slug":"maroquinerie","status":"publish","type":"page","link":"https:\/\/atelier-cuir.bzh\/index.php\/maroquinerie\/","title":{"rendered":"Maroquinerie"},"content":{"rendered":"\n<div style=\"height:20px\" aria-hidden=\"true\" class=\"wp-block-spacer\"><\/div>\n\n\n\n<div class=\"wp-block-media-text alignwide is-stacked-on-mobile\" style=\"grid-template-columns:15% auto\"><figure class=\"wp-block-media-text__media\"><img loading=\"lazy\" decoding=\"async\" width=\"1024\" height=\"683\" src=\"http:\/\/atelier-cuir.bzh\/wp-content\/uploads\/2020\/10\/IMG_0751-1024x683.jpg\" alt=\"\" class=\"wp-image-326\" srcset=\"https:\/\/atelier-cuir.bzh\/wp-content\/uploads\/2020\/10\/IMG_0751-1024x683.jpg 1024w, https:\/\/atelier-cuir.bzh\/wp-content\/uploads\/2020\/10\/IMG_0751-300x200.jpg 300w, https:\/\/atelier-cuir.bzh\/wp-content\/uploads\/2020\/10\/IMG_0751-768x512.jpg 768w, https:\/\/atelier-cuir.bzh\/wp-content\/uploads\/2020\/10\/IMG_0751-1536x1024.jpg 1536w, https:\/\/atelier-cuir.bzh\/wp-content\/uploads\/2020\/10\/IMG_0751-2048x1365.jpg 2048w\" sizes=\"(max-width: 1024px) 100vw, 1024px\" \/><\/figure><div class=\"wp-block-media-text__content\">\n<p class=\"has-normal-font-size\"><span style=\"color:#0c1248\" class=\"has-inline-color\">Porte cartes personnalisable, en cuir pleine fleur, tannage v\u00e9g\u00e9tal.<\/span><\/p>\n<\/div><\/div>\n\n\n\n<div style=\"height:20px\" aria-hidden=\"true\" class=\"wp-block-spacer\"><\/div>\n\n\n\n<div class=\"wp-block-media-text alignwide is-stacked-on-mobile\" style=\"grid-template-columns:15% auto\"><figure class=\"wp-block-media-text__media\"><img loading=\"lazy\" decoding=\"async\" width=\"1024\" height=\"683\" src=\"http:\/\/atelier-cuir.bzh\/wp-content\/uploads\/2020\/10\/IMG_0530-1024x683.jpg\" alt=\"\" class=\"wp-image-329\" srcset=\"https:\/\/atelier-cuir.bzh\/wp-content\/uploads\/2020\/10\/IMG_0530-1024x683.jpg 1024w, https:\/\/atelier-cuir.bzh\/wp-content\/uploads\/2020\/10\/IMG_0530-300x200.jpg 300w, https:\/\/atelier-cuir.bzh\/wp-content\/uploads\/2020\/10\/IMG_0530-768x512.jpg 768w, https:\/\/atelier-cuir.bzh\/wp-content\/uploads\/2020\/10\/IMG_0530-1536x1024.jpg 1536w, https:\/\/atelier-cuir.bzh\/wp-content\/uploads\/2020\/10\/IMG_0530-2048x1365.jpg 2048w\" sizes=\"(max-width: 1024px) 100vw, 1024px\" \/><\/figure><div class=\"wp-block-media-text__content\">\n<p class=\"has-normal-font-size\"><span style=\"color:#0c1248\" class=\"has-inline-color\">Porte ch\u00e9quier porte cartes, personnalisable,en cuir pleine fleur, tannage v\u00e9g\u00e9tal.Un emplacement pour votre ch\u00e9quier et des places pour vos cartes <\/span>.<\/p>\n<\/div><\/div>\n\n\n\n<div style=\"height:20px\" aria-hidden=\"true\" class=\"wp-block-spacer\"><\/div>\n\n\n\n<div class=\"wp-block-media-text alignwide is-stacked-on-mobile\" style=\"grid-template-columns:15% auto\"><figure class=\"wp-block-media-text__media\"><img loading=\"lazy\" decoding=\"async\" width=\"1024\" height=\"683\" src=\"http:\/\/atelier-cuir.bzh\/wp-content\/uploads\/2020\/10\/IMG_0962-1024x683.jpg\" alt=\"\" class=\"wp-image-328\" srcset=\"https:\/\/atelier-cuir.bzh\/wp-content\/uploads\/2020\/10\/IMG_0962-1024x683.jpg 1024w, https:\/\/atelier-cuir.bzh\/wp-content\/uploads\/2020\/10\/IMG_0962-300x200.jpg 300w, https:\/\/atelier-cuir.bzh\/wp-content\/uploads\/2020\/10\/IMG_0962-768x512.jpg 768w, https:\/\/atelier-cuir.bzh\/wp-content\/uploads\/2020\/10\/IMG_0962-1536x1024.jpg 1536w, https:\/\/atelier-cuir.bzh\/wp-content\/uploads\/2020\/10\/IMG_0962-2048x1365.jpg 2048w\" sizes=\"(max-width: 1024px) 100vw, 1024px\" \/><\/figure><div class=\"wp-block-media-text__content\">\n<p class=\"has-normal-font-size\"><span style=\"color:#0c1248\" class=\"has-inline-color\">Sac \u00e0 main en cuir pleine fleur,tannage v\u00e9g\u00e9tal enti\u00e8rement personnalisable.Couture main au point sellier sur les contours et bandouli\u00e8re en point anglais, point sellier ou neutre selon vos envies. Dimensions modifiables \u00e0 votre go\u00fbt.<\/span><\/p>\n<\/div><\/div>\n\n\n\n<div style=\"height:20px\" aria-hidden=\"true\" class=\"wp-block-spacer\"><\/div>\n","protected":false},"excerpt":{"rendered":"<p>Porte cartes personnalisable, en cuir pleine fleur, tannage v\u00e9g\u00e9tal. Porte ch\u00e9quier porte cartes, personnalisable,en cuir pleine fleur, tannage v\u00e9g\u00e9tal.Un emplacement pour votre ch\u00e9quier et des places pour vos cartes . Sac \u00e0 main en cuir pleine fleur,tannage v\u00e9g\u00e9tal enti\u00e8rement personnalisable.Couture main au point sellier sur les contours et bandouli\u00e8re en point anglais, point sellier ou&hellip;<\/p>\n","protected":false},"author":1,"featured_media":0,"parent":0,"menu_order":0,"comment_status":"closed","ping_status":"closed","template":"","meta":{"footnotes":""},"_links":{"self":[{"href":"https:\/\/atelier-cuir.bzh\/index.php\/wp-json\/wp\/v2\/pages\/325"}],"collection":[{"href":"https:\/\/atelier-cuir.bzh\/index.php\/wp-json\/wp\/v2\/pages"}],"about":[{"href":"https:\/\/atelier-cuir.bzh\/index.php\/wp-json\/wp\/v2\/types\/page"}],"author":[{"embeddable":true,"href":"https:\/\/atelier-cuir.bzh\/index.php\/wp-json\/wp\/v2\/users\/1"}],"replies":[{"embeddable":true,"href":"https:\/\/atelier-cuir.bzh\/index.php\/wp-json\/wp\/v2\/comments?post=325"}],"version-history":[{"count":5,"href":"https:\/\/atelier-cuir.bzh\/index.php\/wp-json\/wp\/v2\/pages\/325\/revisions"}],"predecessor-version":[{"id":529,"href":"https:\/\/atelier-cuir.bzh\/index.php\/wp-json\/wp\/v2\/pages\/325\/revisions\/529"}],"wp:attachment":[{"href":"https:\/\/atelier-cuir.bzh\/index.php\/wp-json\/wp\/v2\/media?parent=325"}],"curies":[{"name":"wp","href":"https:\/\/api.w.org\/{rel}","templated":true}]}}